{"id":20,"date":"2023-11-09T07:25:27","date_gmt":"2023-11-09T10:25:27","guid":{"rendered":"http:\/\/apothekepharmars.com.br\/?page_id=20"},"modified":"2023-12-14T07:27:57","modified_gmt":"2023-12-14T10:27:57","slug":"o-que-fazemos","status":"publish","type":"page","link":"https:\/\/apothekepharmars.com.br\/?page_id=20","title":{"rendered":"O que fazemos"},"content":{"rendered":"\n<p>A Farm\u00e1cia Apotheke Pharma est\u00e1 comprometida em oferecer produtos farmac\u00eauticos de alta qualidade, apoiando nossos clientes em sua jornada em busca de uma vida mais saud\u00e1vel e extraordin\u00e1ria.<\/p>\n\n\n\n<p>Conhe\u00e7a a seguir nossas linhas de produ\u00e7\u00e3o.<\/p>\n\n\n\n<ul>\n<li>C\u00e1psulas<\/li>\n\n\n\n<li>Gomas<\/li>\n\n\n\n<li>Chocolates<\/li>\n\n\n\n<li>Xaropes<\/li>\n\n\n\n<li>Shots<\/li>\n\n\n\n<li>Pastilhas<\/li>\n\n\n\n<li>Cremes e Geis<\/li>\n<\/ul>\n\n\n\n<p><\/p>\n","protected":false},"excerpt":{"rendered":"<p>A Farm\u00e1cia Apotheke Pharma est\u00e1 comprometida em oferecer produtos farmac\u00eauticos de alta qualidade, apoiando nossos clientes em sua jornada em busca de uma vida mais saud\u00e1vel e extraordin\u00e1ria. Conhe\u00e7a a&hellip;<a href=\"https:\/\/apothekepharmars.com.br\/?page_id=20\" class=\"more-link\"><span class=\"more-button\">Leia Mais<span class=\"screen-reader-text\">O que fazemos<\/span><\/span><\/a><\/p>\n","protected":false},"author":1,"featured_media":86,"parent":0,"menu_order":0,"comment_status":"closed","ping_status":"closed","template":"","meta":{"footnotes":""},"_links":{"self":[{"href":"https:\/\/apothekepharmars.com.br\/index.php?rest_route=\/wp\/v2\/pages\/20"}],"collection":[{"href":"https:\/\/apothekepharmars.com.br\/index.php?rest_route=\/wp\/v2\/pages"}],"about":[{"href":"https:\/\/apothekepharmars.com.br\/index.php?rest_route=\/wp\/v2\/types\/page"}],"author":[{"embeddable":true,"href":"https:\/\/apothekepharmars.com.br\/index.php?rest_route=\/wp\/v2\/users\/1"}],"replies":[{"embeddable":true,"href":"https:\/\/apothekepharmars.com.br\/index.php?rest_route=%2Fwp%2Fv2%2Fcomments&post=20"}],"version-history":[{"count":3,"href":"https:\/\/apothekepharmars.com.br\/index.php?rest_route=\/wp\/v2\/pages\/20\/revisions"}],"predecessor-version":[{"id":83,"href":"https:\/\/apothekepharmars.com.br\/index.php?rest_route=\/wp\/v2\/pages\/20\/revisions\/83"}],"wp:featuredmedia":[{"embeddable":true,"href":"https:\/\/apothekepharmars.com.br\/index.php?rest_route=\/wp\/v2\/media\/86"}],"wp:attachment":[{"href":"https:\/\/apothekepharmars.com.br\/index.php?rest_route=%2Fwp%2Fv2%2Fmedia&parent=20"}],"curies":[{"name":"wp","href":"https:\/\/api.w.org\/{rel}","templated":true}]}}